
Let k = 32 + -3. What is the units digit of k?
9
Let o(z) = -z**2 + 9*z - 9. Let c be (14/(-5))/((-4)/10). Let r be o(c). What is the units digit of ((-12)/(-10))/(1/r)?
6
Suppose -2*g - g - 3*i = 6, -2*i = -4. What is the units digit of 20/6 - g/(-12)?
3
Let b = 3 - 4. Let d be -6*b/1*-2. Let i = d - -19. What is the units digit of i?
7
Let w(t) = 10*t. Let j(r) = 11*r. Let p(s) = -5*j(s) + 6*w(s). Let o be p(6). What is the tens digit of (-1)/(-6) + 325/o?
1
Let l(t) = -t**3 - 11*t**2 + 5*t + 13. What is the units digit of l(-12)?
7
Suppose -2*b - 15 = 3*b. What is the units digit of (-1)/(b/(15/1))?
5
Suppose -2*i - 40 = 3*b - 161, 4*i - 8 = 0. Suppose 0*g + 3*g - b = 0. What is the tens digit of g?
1
Suppose -2*v + 8 = 0, -4*v + 8 = -4*s - 8. Suppose s = -5*w + 25, -i - 27 = -5*i + w. What is the units digit of i?
8
Suppose 150 = 3*a + 21. What is the tens digit of a?
4
Suppose -4*j = -7*j + 2*f + 14, 3*j = -2*f - 2. Suppose -10 = -5*c + q, 5*q + 6 - j = 2*c. Let h = -1 + c. What is the units digit of h?
1
Let s(d) = d - 2. Let a be s(5). Suppose g - j - 63 = -a*g, 3*g + 5*j - 53 = 0. What is the units digit of (g/2)/2 + -2?
2
Suppose 178 = -4*h - 3*f + 5*f, 3*h + 5*f + 101 = 0. Let j = h - -60. What is the units digit of j?
8
Let a(f) be the third derivative of -f**5/60 - 5*f**4/24 + f**3/3 + 3*f**2. Let o be a(-5). Let c(i) = i**2 - i - 1. What is the units digit of c(o)?
1
Let l = -5 + -5. Let d be (-4 - -3) + l/(-2). Suppose 5*j - 37 = -4*c + d*j, 4*c - 31 = 5*j. What is the units digit of c?
9
Let a be (-1)/(-3) - 5/(-3). Let j = 3 - a. What is the units digit of j?
1
Let g(z) = -z**3 - 5*z**2 + 6*z. Let n be g(-6). Suppose -4*m + 3*v = 7 - 144, 2*m - v - 71 = n. Let t = -26 + m. What is the units digit of t?
2
What is the tens digit of (1*99)/3*(-2 + 3)?
3
Let z(v) = -v**3 - 2*v**2 + 2. Let g(q) = 4*q**2 + 7*q - 3*q**2 + 3 - q. Let w be g(-5). What is the units digit of z(w)?
2
Suppose 0 = -2*j - 3*j + 15. What is the units digit of 4/j - (-1)/(-3)?
1
Suppose 2*o = 2*m + o - 3, 2*m = 4*o. Suppose -6*x + x = 0. Suppose -4*c + 2*c + m*s + 8 = x, 4*s = -3*c + 5. What is the units digit of c?
3
Suppose b + m = -m + 16, -4*b - 5*m + 58 = 0. Suppose 2*i = -i + b. What is the units digit of i?
4
Let h(u) = u**2 + 4*u + 2. Let a be h(-4). Suppose 0*g + a*g - 3*j = 29, -15 = 3*j. What is the units digit of (-10)/(-35) - (-40)/g?
6
Let w(y) = y**2 - 10*y - 55. What is the units digit of w(22)?
9
Let w(l) = 2*l - 3. Let g be w(2). Suppose 0 = -k - 4*u - g, -4*k = -9*k + u + 58. What is the tens digit of k?
1
Suppose 4*f + b - 56 = 0, -f = -0*f - 5*b - 35. What is the tens digit of f?
1
Let a be 1/(1 + (-1244)/1242). What is the tens digit of a/(-18) + 2/4?
3
Suppose -k + 117 - 11 = 0. What is the tens digit of k?
0
Let t = -3 - 6. What is the tens digit of -1 + 18 + 27/t?
1
Let a = -21 + 96. What is the tens digit of a?
7
Suppose 18 = -2*g + 5*g + 3*b, 3*g - 3*b = -6. What is the tens digit of (-2)/(((-6)/15)/g)?
1
Suppose 0 = -3*h - h + 32. What is the tens digit of (1 + 45)*4/h?
2
Let f(q) = -5*q - 1. Let g be f(2). Let s(l) = -5*l - 16. Let v(t) = t + 3. Let j(p) = g*v(p) - 2*s(p). What is the units digit of j(-3)?
2
Suppose 5*s - 65 = 3*r - 0*r, s - r - 11 = 0. What is the tens digit of s?
1
Let z be (-6)/4*16/(-3). Let a(n) = -n**3 - 4*n**2 + n - 2. Let w be a(-4). What is the units digit of w/4*z/(-6)?
2
Let m be 4/14 + 165/35. Suppose -2*g - m*f - 27 = 0, 5*g + 0*g = f. What is the units digit of (-2)/(-4)*(-10)/g?
5
Suppose -3*r + 81 = 3*u, -6*u + 12 = -2*u. What is the tens digit of r?
2
Let s(m) = m**2 + m + 18. Let y(z) = z - 5. Let u be y(5). Let w be s(u). Let k = w + -10. What is the units digit of k?
8
Let j(d) = 2*d**3 - 3*d**2 + 2*d - 3. Let l be j(2). What is the units digit of (-3)/1 - l/(-1)?
2
Suppose -5*y - 2*u + 4*u = -6, 2*u - 2 = y. Suppose -2*d + 3*d = -y. What is the units digit of d + 2 + 0 - -2?
2
Let c(p) = p**2 - 12*p - 33. What is the units digit of c(21)?
6
Let p = -9 + 6. Let d be (-20)/(p + (-3)/(-3)). Suppose 3*x - d = 2*j + 3*j, -42 = -3*x - 3*j. What is the units digit of x?
0
Let a(h) = h**3 + 4*h**2 + 3*h + 3. Let w be a(-3). Suppose -2*i + w*i - 16 = 0. What is the tens digit of i?
1
Let n(c) = -5*c. Let k be n(-1). Suppose -2*m + 20 = j, 2*j = -4*m + j + 44. Let t = m - k. What is the units digit of t?
7
Suppose 5*p = 5, 0*p = 2*x + p + 5. What is the tens digit of (-346)/(-12) - x/18?
2
Let l = -13 + 13. Suppose -2*d = -7*d + 25, l = 2*m - 2*d - 92. What is the tens digit of m?
5
Let u(f) = -5*f - 6. Let k(z) = 6*z + 5. Let j(m) = -4*k(m) - 5*u(m). Let l be j(-8). Suppose -4*x = -6 + l. What is the units digit of x?
1
Let o = -8 - -11. Suppose 0*l - o = l. Let z = 6 + l. What is the units digit of z?
3
Let z(k) = 2*k + 3. Let b be z(6). Let a be 10/b*(-15)/(-2). Suppose -10 = -a*t + 10, -2*m = 3*t - 46. What is the units digit of m?
7
Suppose 1092 = 8*c - 284. What is the tens digit of c?
7
What is the tens digit of -35*(16/(-10))/4?
1
Suppose 59 = -3*x - m - 73, -2*m + 96 = -2*x. What is the units digit of (-415)/x - (-2)/(-9)?
9
Suppose -47 = 2*x - 3*x. What is the tens digit of x?
4
What is the tens digit of ((-111)/9)/((-1)/18)?
2
Let b = 0 - 0. Suppose 2*z = 4*m + 22, 4*z = 2*m - b*m + 56. What is the tens digit of z?
1
Suppose -8 = -i - 32. Let z be 10/(-3)*i/10. What is the units digit of (-8)/2*(-2)/z?
1
Let h be (-41)/(-2) - 2/4. Let b = 43 - h. Suppose 2*n + 5*d - 4 - 3 = 0, 3*n - b = 5*d. What is the units digit of n?
6
Suppose 5*w = 3*j + 1, -5*w + j + 0*j = -7. Let y be w/(-8) - (-231)/12. Suppose 2*r + 1 = -2*f - 3, 5*r + y = 4*f. What is the units digit of f?
1
Let c(u) = u**2 + 5. Let r be c(-6). Let b = r + -18. What is the tens digit of b?
2
What is the units digit of ((-18)/15)/((-7)/35)?
6
Suppose -128 = -2*c + 72. Suppose -2*h = 2*h - m - c, -5*h + 150 = 5*m. What is the tens digit of h?
2
Suppose j = 1, 0*j + 8 = 3*l - 4*j. Suppose -m = -l*q - 15, 2*q + 49 = 4*m - 3*q. What is the units digit of m?
1
What is the tens digit of -24*(-450)/20*1/6?
9
Let d(j) = j**3 + 7*j**2 + 2*j. Let g be d(-7). Let s be (-24)/g*(-63)/(-6). Let n = s - 11. What is the units digit of n?
7
Let w = -4 - -3. Let v = -17 + 8. Let b = w - v. What is the units digit of b?
8
Suppose 0 = 5*u - 0*u - 20. What is the units digit of u?
4
Suppose -2*a + a - 1 = -4*x, -1 = 3*x + a. Let r(b) = b**2 + 19. What is the tens digit of r(x)?
1
Suppose -2*v + 4*v + 23 = 5*x, 0 = 3*x + v - 16. What is the units digit of x?
5
Let b = 306 + -204. What is the hundreds digit of b?
1
Let s = 13 - 8. Suppose -o - 28 = -3*f, -5*f = 4*o - 19 - s. What is the units digit of f?
8
Let f = -12 - -5. Let k(u) = -u**2 - 11*u - 4. What is the units digit of k(f)?
4
Let j(c) = c**2. Let q(d) = 2*d**2 + 3*d - 2. Let u(r) = -6*j(r) + q(r). Let y be u(2). Let b = 21 + y. What is the units digit of b?
9
Let d be -2 - (0 + (-6)/1). Suppose -d*r - 2 + 10 = 0. What is the units digit of r*-7*3/(-6)?
7
Let g(t) = -10*t + 9. What is the units digit of g(-10)?
9
Let g = -37 - -78. Suppose 5*q = -11 + g. What is the units digit of q?
6
What is the tens digit of 3 + (2 - 2) + 29?
3
Let o(r) = -23*r**3 - 3*r**2 + 5. What is the hundreds digit of o(-2)?
1
Let z = -44 + 76. Let b = z - 20. What is the tens digit of b?
1
Suppose -m = 4*m + a - 304, 4*m - 260 = -5*a. Suppose m = 8*p - 6*p. What is the units digit of p?
0
Let y(c) = -5*c**2 + 1. Let x be y(-1). What is the units digit of (x/3)/4*-9?
3
Let l be 8*(-3)/(-36)*3. What is the units digit of l + 1 + 5*1?
8
Let l(q) = 2*q**3 - q**2 - 3*q - 4. What is the units digit of l(3)?
2
Suppose 4*j - 3*x - 2 = -x, 3*x = -j + 18. Suppose 3*f - 5*t = 7*f - 145, 108 = 3*f + j*t. What is the units digit of f?
5
Let i be 90/11 - (-24)/(-132). Suppose -4*t = 2*u - 54, -i = -4*t + 12. What is the units digit of u?
7
Let r = 25 - -9. What is the tens digit of r?
3
Let v(g) = -g**2 - 9*g + 4. Suppose 3*l + 19 = -2*b, 2*b + 0*b = -l - 1. What is the units digit of v(l)?
4
Suppose 0 = 4*k - 88 - 48. Suppose h - k = -4*h + 3*n, 18 = 3*h - n. Suppose -4*p - 5*j + 4 = -6*j, 10 = -h*p + 5*j. What is the units digit of p?
2
Let y = -16 - -4. Suppose 5*i - 125 = -5*b, 0 = i - 0*b + 4*b - 37. Let s = y + i. What is t